{"id":1218,"date":"2025-08-25T08:58:33","date_gmt":"2025-08-25T06:58:33","guid":{"rendered":"https:\/\/www.pyser.es\/informatica\/?page_id=1218"},"modified":"2025-08-25T09:17:04","modified_gmt":"2025-08-25T07:17:04","slug":"cajones-inteligentes","status":"publish","type":"page","link":"https:\/\/www.pyser.es\/informatica\/cajones-inteligentes\/","title":{"rendered":"Cajones Inteligentes"},"content":{"rendered":"<p>[et_pb_section fb_built=\u00bb1&#8243; _builder_version=\u00bb4.22.1&#8243; _module_preset=\u00bbdefault\u00bb background_color=\u00bbrgba(1,140,209,0.3)\u00bb background_enable_mask_style=\u00bbon\u00bb background_mask_style=\u00bbwave\u00bb background_mask_transform=\u00bbflip_vertical|flip_horizontal\u00bb global_colors_info=\u00bb{}\u00bb][et_pb_row column_structure=\u00bb1_2,1_2&#8243; _builder_version=\u00bb4.21.0&#8243; _module_preset=\u00bbdefault\u00bb width=\u00bb90%\u00bb max_width=\u00bb1200px\u00bb custom_margin=\u00bb|auto|4px|auto||\u00bb global_colors_info=\u00bb{}\u00bb][et_pb_column type=\u00bb1_2&#8243; _builder_version=\u00bb4.22.1&#8243; _module_preset=\u00bbdefault\u00bb global_colors_info=\u00bb{}\u00bb][et_pb_text _builder_version=\u00bb4.22.1&#8243; _module_preset=\u00bbdefault\u00bb background_color=\u00bb#FFFFFF\u00bb custom_padding=\u00bb10px|10px|10px|10px|true|true\u00bb hover_enabled=\u00bb0&#8243; locked=\u00bboff\u00bb global_colors_info=\u00bb{}\u00bb sticky_enabled=\u00bb0&#8243;]<\/p>\n<p><strong>Control total del efectivo, con precisi\u00f3n y seguridad<\/strong><\/p>\n<p>En <strong>Pyser Inform\u00e1tica<\/strong> ofrecemos soluciones avanzadas de gesti\u00f3n de efectivo a trav\u00e9s de <strong>cajones inteligentes<\/strong>, pensados para mejorar la eficiencia y la seguridad en entornos de alta actividad como <strong>restaurantes, bares, discotecas, tiendas y supermercados<\/strong>.<\/p>\n<p>Los cajones inteligentes automatizan la gesti\u00f3n del dinero en efectivo, reducen errores humanos, evitan p\u00e9rdidas y ahorran tiempo tanto al personal como a la administraci\u00f3n.<\/p>\n<p>[\/et_pb_text][et_pb_accordion open_toggle_text_color=\u00bb#062951&#8243; toggle_icon=\u00bb&#x52;||divi||400&#8243; icon_color=\u00bb#0C71C3&#8243; use_icon_font_size=\u00bbon\u00bb _builder_version=\u00bb4.22.1&#8243; _module_preset=\u00bbdefault\u00bb toggle_text_color=\u00bb#0C71C3&#8243; toggle_level=\u00bbh3&#8243; hover_enabled=\u00bb0&#8243; toggle_text_shadow_style=\u00bbpreset1&#8243; global_colors_info=\u00bb{}\u00bb sticky_enabled=\u00bb0&#8243;][et_pb_accordion_item title=\u00bb\u00bfQu\u00e9 hacen los cajones inteligentes?\u00bb open=\u00bboff\u00bb _builder_version=\u00bb4.22.1&#8243; _module_preset=\u00bbdefault\u00bb global_colors_info=\u00bb{}\u00bb]<\/p>\n<ul>\n<li><strong>Identificaci\u00f3n y validaci\u00f3n autom\u00e1tica de billetes y monedas<\/strong><\/li>\n<li><strong>Detecci\u00f3n de billetes falsos<\/strong><\/li>\n<li><strong>Gesti\u00f3n autom\u00e1tica del cambio<\/strong>: el sistema entrega el cambio exacto en cada transacci\u00f3n<\/li>\n<li><strong>Cierre de caja automatizado<\/strong> con informes detallados<\/li>\n<li><strong>Conexi\u00f3n con TPV o sistema de facturaci\u00f3n<\/strong><\/li>\n<li><strong>Acceso restringido y registro de cada operaci\u00f3n<\/strong><\/li>\n<\/ul>\n<p>[\/et_pb_accordion_item][et_pb_accordion_item title=\u00bbBeneficios clave para tu negocio\u00bb _builder_version=\u00bb4.22.1&#8243; _module_preset=\u00bbdefault\u00bb global_colors_info=\u00bb{}\u00bb open=\u00bbon\u00bb]<\/p>\n<ul>\n<li><strong>Mayor seguridad<\/strong>: evita manipulaciones indebidas o robos internos\n<\/li>\n<li><strong>Reducci\u00f3n de errores<\/strong>: elimina los fallos en la devoluci\u00f3n del cambio\n<\/li>\n<li><strong>Ahorro de tiempo<\/strong>: menos tareas manuales al inicio y fin de jornada<\/li>\n<li><strong>Mejor experiencia para el cliente<\/strong>: atenci\u00f3n m\u00e1s r\u00e1pida y profesional<\/li>\n<li><strong>Control total<\/strong>: trazabilidad de cada operaci\u00f3n, ideal para auditor\u00edas<\/li>\n<\/ul>\n<p>[\/et_pb_accordion_item][\/et_pb_accordion][\/et_pb_column][et_pb_column type=\u00bb1_2&#8243; _builder_version=\u00bb4.21.0&#8243; _module_preset=\u00bbdefault\u00bb global_colors_info=\u00bb{}\u00bb][et_pb_image src=\u00bbhttps:\/\/www.pyser.es\/informatica\/wp-content\/uploads\/2025\/08\/cajones-inteligentes.gif\u00bb title_text=\u00bbcajones-inteligentes\u00bb _builder_version=\u00bb4.22.1&#8243; _module_preset=\u00bbdefault\u00bb hover_enabled=\u00bb0&#8243; border_radii=\u00bbon|20px|20px|20px|20px\u00bb global_colors_info=\u00bb{}\u00bb sticky_enabled=\u00bb0&#8243;][\/et_pb_image][\/et_pb_column][\/et_pb_row][et_pb_row _builder_version=\u00bb4.22.1&#8243; _module_preset=\u00bbdefault\u00bb width=\u00bb90%\u00bb max_width=\u00bb1200px\u00bb global_colors_info=\u00bb{}\u00bb][et_pb_column type=\u00bb4_4&#8243; _builder_version=\u00bb4.21.0&#8243; _module_preset=\u00bbdefault\u00bb global_colors_info=\u00bb{}\u00bb][et_pb_text _builder_version=\u00bb4.22.1&#8243; _module_preset=\u00bbdefault\u00bb global_colors_info=\u00bb{}\u00bb]<\/p>\n<p>En <strong>Pyser Inform\u00e1tica<\/strong>, nos encargamos de la <strong>instalaci\u00f3n, configuraci\u00f3n y formaci\u00f3n<\/strong>, para que integres tu caj\u00f3n inteligente con tu sistema TPV y empieces a ahorrar tiempo y dinero desde el primer d\u00eda.<\/p>\n<p><strong>Optimiza tu caja. Protege tu negocio. Automatiza tu gesti\u00f3n.<\/strong><\/p>\n<p>[\/et_pb_text][\/et_pb_column][\/et_pb_row][\/et_pb_section][et_pb_section fb_built=\u00bb1&#8243; _builder_version=\u00bb4.22.1&#8243; _module_preset=\u00bbdefault\u00bb background_enable_mask_style=\u00bbon\u00bb background_mask_style=\u00bbwave\u00bb background_mask_color=\u00bbrgba(1,140,209,0.3)\u00bb background_mask_transform=\u00bbinvert|flip_vertical\u00bb display_conditions=\u00bbW3siaWQiOiI1ZmQyN2JjZi1mYWIxLTRhMmMtOGI2Ny0yMzUxOThkMzk0ZWEiLCJjb25kaXRpb24iOiJkYXRlQXJjaGl2ZSIsImNvbmRpdGlvblNldHRpbmdzIjp7ImRpc3BsYXlSdWxlIjoiaXNBZnRlciIsImRhdGVBcmNoaXZlIjoiMjAyNS0wNC0wMSIsImFkbWluTGFiZWwiOiJBcmNoaXZvIGRlIGZlY2hhcyIsImVuYWJsZUNvbmRpdGlvbiI6Im9uIn0sIm9wZXJhdG9yIjoiT1IifV0=\u00bb custom_padding=\u00bb50px||11px|||\u00bb global_colors_info=\u00bb{}\u00bb][et_pb_row column_structure=\u00bb1_4,3_4&#8243; _builder_version=\u00bb4.21.0&#8243; _module_preset=\u00bbdefault\u00bb width=\u00bb90%\u00bb max_width=\u00bb100%\u00bb module_alignment=\u00bbcenter\u00bb global_colors_info=\u00bb{}\u00bb][et_pb_column type=\u00bb1_4&#8243; _builder_version=\u00bb4.21.0&#8243; _module_preset=\u00bbdefault\u00bb global_colors_info=\u00bb{}\u00bb][et_pb_text _builder_version=\u00bb4.22.1&#8243; _module_preset=\u00bbdefault\u00bb text_font_size=\u00bb16px\u00bb text_line_height=\u00bb2em\u00bb global_colors_info=\u00bb{}\u00bb]<\/p>\n<h3><span style=\"color: #062951;\"><strong>ADECUACI\u00d3N DE NAVES<\/strong><\/span><\/h3>\n<p>Conozca algunos proyectos ejecutados, construcci\u00f3n, adecuaci\u00f3n de naves.<\/p>\n<p>[\/et_pb_text][\/et_pb_column][et_pb_column type=\u00bb3_4&#8243; _builder_version=\u00bb4.21.0&#8243; _module_preset=\u00bbdefault\u00bb global_colors_info=\u00bb{}\u00bb][dipl_blog_slider slider_layout=\u00bblayout2&#8243; posts_number=\u00bb3&#8243; show_content=\u00bbon\u00bb show_author=\u00bboff\u00bb show_date=\u00bboff\u00bb show_comments=\u00bboff\u00bb post_content_wrapper_background_color=\u00bbrgba(6,41,81,0.6)\u00bb slider_loop=\u00bbon\u00bb post_per_slide_tablet=\u00bb2&#8243; post_per_slide_phone=\u00bb1&#8243; _builder_version=\u00bb4.22.1&#8243; _module_preset=\u00bbdefault\u00bb title_text_color=\u00bb#FFFFFF\u00bb body_text_color=\u00bb#FFFFFF\u00bb height=\u00bb500px\u00bb box_shadow_style_single_post=\u00bbpreset2&#8243; global_colors_info=\u00bb{}\u00bb][\/dipl_blog_slider][\/et_pb_column][\/et_pb_row][\/et_pb_section]<\/p>\n","protected":false},"excerpt":{"rendered":"<p>Control total del efectivo, con precisi\u00f3n y seguridad En Pyser Inform\u00e1tica ofrecemos soluciones avanzadas de gesti\u00f3n de efectivo a trav\u00e9s de cajones inteligentes, pensados para mejorar la eficiencia y la seguridad en entornos de alta actividad como restaurantes, bares, discotecas, tiendas y supermercados. Los cajones inteligentes automatizan la gesti\u00f3n del dinero en efectivo, reducen errores [&hellip;]<\/p>\n","protected":false},"author":2,"featured_media":1220,"parent":0,"menu_order":0,"comment_status":"closed","ping_status":"closed","template":"","meta":{"_et_pb_use_builder":"on","_et_pb_old_content":"","_et_gb_content_width":"","footnotes":""},"class_list":["post-1218","page","type-page","status-publish","has-post-thumbnail","hentry"],"_links":{"self":[{"href":"https:\/\/www.pyser.es\/informatica\/wp-json\/wp\/v2\/pages\/1218","targetHints":{"allow":["GET"]}}],"collection":[{"href":"https:\/\/www.pyser.es\/informatica\/wp-json\/wp\/v2\/pages"}],"about":[{"href":"https:\/\/www.pyser.es\/informatica\/wp-json\/wp\/v2\/types\/page"}],"author":[{"embeddable":true,"href":"https:\/\/www.pyser.es\/informatica\/wp-json\/wp\/v2\/users\/2"}],"replies":[{"embeddable":true,"href":"https:\/\/www.pyser.es\/informatica\/wp-json\/wp\/v2\/comments?post=1218"}],"version-history":[{"count":4,"href":"https:\/\/www.pyser.es\/informatica\/wp-json\/wp\/v2\/pages\/1218\/revisions"}],"predecessor-version":[{"id":1225,"href":"https:\/\/www.pyser.es\/informatica\/wp-json\/wp\/v2\/pages\/1218\/revisions\/1225"}],"wp:featuredmedia":[{"embeddable":true,"href":"https:\/\/www.pyser.es\/informatica\/wp-json\/wp\/v2\/media\/1220"}],"wp:attachment":[{"href":"https:\/\/www.pyser.es\/informatica\/wp-json\/wp\/v2\/media?parent=1218"}],"curies":[{"name":"wp","href":"https:\/\/api.w.org\/{rel}","templated":true}]}}